{"id":161,"date":"2019-12-19T16:04:21","date_gmt":"2019-12-19T15:04:21","guid":{"rendered":"https:\/\/scarabokki.it\/?page_id=161"},"modified":"2023-01-28T15:33:11","modified_gmt":"2023-01-28T14:33:11","slug":"chi-siamo","status":"publish","type":"page","link":"https:\/\/scarabokki.it\/?page_id=161","title":{"rendered":"Chi Siamo"},"content":{"rendered":"<div class=\"wpb-content-wrapper\"><p>[vc_row][vc_column width=&#8221;1\/3&#8243;][vc_single_image image=&#8221;551871&#8243; img_size=&#8221;319&#215;520&#8243; alignment=&#8221;center&#8221; animation_type=&#8221;bounce&#8221; label=&#8221;&#8221;][\/vc_column][vc_column width=&#8221;2\/3&#8243;][vc_row_inner][vc_column_inner][vc_column_text]<strong>Scarabokki<\/strong> \u00e8 il negozio che ti permette di vestire il tuo bimbo o la tua bimba da 0 a 16 anni, con i migliori marchi sul mercato. Alcuni dei nostri marchi come <em>Disney, Pierre Cardin, Le Chicche, Pastello, Nazareno Gabrielli.<\/em> Il negozio si trova nella splendida citt\u00e0 di Policoro in provincia di Matera. Il negozio con il passare degli anni \u00e8 diventato un punto di riferimento per tantissime mamme le quali si affidano completamente per acquisti di abbigliamento.<\/p>\n<p>Operiamo anche online in tutta Italia e all&#8217;estero, infatti,\u00a0 <strong>la nostra passione per la moda per l&#8217;infanzia ci ha portato ad aprire anche il nostro shop online e a curare i canali social.<\/strong><\/p>\n<p>Sullo shop troverete una selezione <strong>a partire dal corredino, abbigliamento bimbo, bambino<\/strong> fino ad arrivare all&#8217;<strong>abbigliamento Donna<\/strong> per creare outfit esclusivi!<\/p>\n<p>Assieme ai nostri partner diamo molta attenzione al servizio per rendervi sempre felici e soddisfatti del vostro acquisto.<\/p>\n<p>Rivolgetevi al personale esperto ed altamente qualificato: vi sapr\u00e0 sempre consigliare i capi pi\u00f9 adatti per tutte le diverse occasioni.<\/p>\n<p>Il nostro staff \u00e8 in grado di creare composizioni per i tuoi regali originali e per ogni occasione: nascite, comunioni, cresime, compleanni. Siamo specializzati, infatti, nella realizzazione di corredini personalizzati e originali per i neonati, sia per bambino sia per bambine. Scopri come rendere originali i tuoi regali. Ogni tua idea potr\u00e0 essere realizzata secondo il tuo gusto e il tuo stile!<\/p>\n<p>La nostra filosofia \u00e8 quella di unire qualit\u00e0 a prezzi contenuti. Capi sicuri, resistenti e di qualit\u00e0 per i tuoi piccoli e per te.<\/p>\n<p>Per ulteriori informazioni o richieste non esitare a <a href=\"https:\/\/scarabokki.it\/contatti\/\">contattarci<\/a>, soddisferemo anche i clienti pi\u00f9 esigenti.[\/vc_column_text][\/vc_column_inner][\/vc_row_inner][\/vc_column][\/vc_row][vc_row][vc_column][vc_cta h2=&#8221;Cosa Aspetti? Acquista Subito Online!&#8221; h4=&#8221;Non vediamo l&#8217; ora di spedire i tuoi ordini.&#8221; add_button=&#8221;right&#8221; btn_title=&#8221;ACQUISTA&#8221; btn_color=&#8221;pink&#8221; btn_size=&#8221;xl&#8221; btn_align=&#8221;right&#8221; btn_link=&#8221;url:https%3A%2F%2Fscarabokki.it%2Fnegozio%2F|title:Shop||&#8221;][\/vc_cta][\/vc_column][\/vc_row]<\/p>\n<\/div>","protected":false},"excerpt":{"rendered":"<p>[vc_row][vc_column width=&#8221;1\/3&#8243;][vc_single_image image=&#8221;551871&#8243; img_size=&#8221;319&#215;520&#8243; alignment=&#8221;center&#8221; animation_type=&#8221;bounce&#8221; label=&#8221;&#8221;][\/vc_column][vc_column width=&#8221;2\/3&#8243;][vc_row_inner][vc_column_inner][vc_column_text]Scarabokki \u00e8 il negozio che ti permette di vestire il tuo bimbo o la tua bimba da 0 a 16 anni, con i migliori marchi sul mercato. Alcuni dei nostri marchi come Disney, Pierre Cardin, Le Chicche, Pastello, Nazareno Gabrielli. Il negozio si trova nella splendida citt\u00e0 di [&hellip;]<\/p>\n","protected":false},"author":1,"featured_media":0,"parent":0,"menu_order":0,"comment_status":"closed","ping_status":"closed","template":"","meta":{"_exactmetrics_skip_tracking":false,"_exactmetrics_sitenote_active":false,"_exactmetrics_sitenote_note":"","_exactmetrics_sitenote_category":0,"footnotes":""},"class_list":["post-161","page","type-page","status-publish","hentry"],"yoast_head":"<!-- This site is optimized with the Yoast SEO plugin v27.3 - https:\/\/yoast.com\/product\/yoast-seo-wordpress\/ -->\n<title>Scarabokki - Negozio Abbigliamento Bambini | Chi Siamo<\/title>\n<meta name=\"description\" content=\"Scarabokki ti permette di vestire il tuo bimbo o la tua bimba da 0 a 16 anni, con i migliori marchi di abbigliamento per bambini e donna.\" \/>\n<meta name=\"robots\" content=\"index, follow, max-snippet:-1, max-image-preview:large, max-video-preview:-1\" \/>\n<link rel=\"canonical\" href=\"https:\/\/scarabokki.it\/?page_id=161\" \/>\n<meta property=\"og:locale\" content=\"it_IT\" \/>\n<meta property=\"og:type\" content=\"article\" \/>\n<meta property=\"og:title\" content=\"Scarabokki - Negozio Abbigliamento Bambini | Chi Siamo\" \/>\n<meta property=\"og:description\" content=\"Scarabokki ti permette di vestire il tuo bimbo o la tua bimba da 0 a 16 anni, con i migliori marchi di abbigliamento per bambini e donna.\" \/>\n<meta property=\"og:url\" content=\"https:\/\/scarabokki.it\/?page_id=161\" \/>\n<meta property=\"og:site_name\" content=\"Scarabokki\" \/>\n<meta property=\"article:publisher\" content=\"https:\/\/www.facebook.com\/ScarabokkiPolicoroBernalda\" \/>\n<meta property=\"article:modified_time\" content=\"2023-01-28T14:33:11+00:00\" \/>\n<meta property=\"og:image\" content=\"https:\/\/scarabokki.it\/wp-content\/uploads\/2026\/01\/immagine-logo-scarabokki-2.jpg\" \/>\n\t<meta property=\"og:image:width\" content=\"897\" \/>\n\t<meta property=\"og:image:height\" content=\"741\" \/>\n\t<meta property=\"og:image:type\" content=\"image\/jpeg\" \/>\n<meta name=\"twitter:card\" content=\"summary_large_image\" \/>\n<meta name=\"twitter:label1\" content=\"Tempo di lettura stimato\" \/>\n\t<meta name=\"twitter:data1\" content=\"2 minuti\" \/>\n<script type=\"application\/ld+json\" class=\"yoast-schema-graph\">{\"@context\":\"https:\\\/\\\/schema.org\",\"@graph\":[{\"@type\":\"WebPage\",\"@id\":\"https:\\\/\\\/scarabokki.it\\\/?page_id=161\",\"url\":\"https:\\\/\\\/scarabokki.it\\\/?page_id=161\",\"name\":\"Scarabokki - Negozio Abbigliamento Bambini | Chi Siamo\",\"isPartOf\":{\"@id\":\"https:\\\/\\\/scarabokki.it\\\/#website\"},\"datePublished\":\"2019-12-19T15:04:21+00:00\",\"dateModified\":\"2023-01-28T14:33:11+00:00\",\"description\":\"Scarabokki ti permette di vestire il tuo bimbo o la tua bimba da 0 a 16 anni, con i migliori marchi di abbigliamento per bambini e donna.\",\"breadcrumb\":{\"@id\":\"https:\\\/\\\/scarabokki.it\\\/?page_id=161#breadcrumb\"},\"inLanguage\":\"it-IT\",\"potentialAction\":[{\"@type\":\"ReadAction\",\"target\":[\"https:\\\/\\\/scarabokki.it\\\/?page_id=161\"]}]},{\"@type\":\"BreadcrumbList\",\"@id\":\"https:\\\/\\\/scarabokki.it\\\/?page_id=161#breadcrumb\",\"itemListElement\":[{\"@type\":\"ListItem\",\"position\":1,\"name\":\"Home\",\"item\":\"https:\\\/\\\/scarabokki.it\\\/\"},{\"@type\":\"ListItem\",\"position\":2,\"name\":\"Chi Siamo\"}]},{\"@type\":\"WebSite\",\"@id\":\"https:\\\/\\\/scarabokki.it\\\/#website\",\"url\":\"https:\\\/\\\/scarabokki.it\\\/\",\"name\":\"Scarabokki\",\"description\":\"Negozio di Abbigliamento Bambini e Donna\",\"publisher\":{\"@id\":\"https:\\\/\\\/scarabokki.it\\\/#organization\"},\"potentialAction\":[{\"@type\":\"SearchAction\",\"target\":{\"@type\":\"EntryPoint\",\"urlTemplate\":\"https:\\\/\\\/scarabokki.it\\\/?s={search_term_string}\"},\"query-input\":{\"@type\":\"PropertyValueSpecification\",\"valueRequired\":true,\"valueName\":\"search_term_string\"}}],\"inLanguage\":\"it-IT\"},{\"@type\":\"Organization\",\"@id\":\"https:\\\/\\\/scarabokki.it\\\/#organization\",\"name\":\"Scarabokki\",\"url\":\"https:\\\/\\\/scarabokki.it\\\/\",\"logo\":{\"@type\":\"ImageObject\",\"inLanguage\":\"it-IT\",\"@id\":\"https:\\\/\\\/scarabokki.it\\\/#\\\/schema\\\/logo\\\/image\\\/\",\"url\":\"https:\\\/\\\/scarabokki.it\\\/wp-content\\\/uploads\\\/2026\\\/01\\\/immagine-logo-scarabokki-2.jpg\",\"contentUrl\":\"https:\\\/\\\/scarabokki.it\\\/wp-content\\\/uploads\\\/2026\\\/01\\\/immagine-logo-scarabokki-2.jpg\",\"width\":897,\"height\":741,\"caption\":\"Scarabokki\"},\"image\":{\"@id\":\"https:\\\/\\\/scarabokki.it\\\/#\\\/schema\\\/logo\\\/image\\\/\"},\"sameAs\":[\"https:\\\/\\\/www.facebook.com\\\/ScarabokkiPolicoroBernalda\",\"https:\\\/\\\/www.instagram.com\\\/scarabokkipolicorobernalda\\\/\",\"https:\\\/\\\/www.tiktok.com\\\/@scarabokki.curvy?lang=it-IT\"]}]}<\/script>\n<!-- \/ Yoast SEO plugin. -->","yoast_head_json":{"title":"Scarabokki - Negozio Abbigliamento Bambini | Chi Siamo","description":"Scarabokki ti permette di vestire il tuo bimbo o la tua bimba da 0 a 16 anni, con i migliori marchi di abbigliamento per bambini e donna.","robots":{"index":"index","follow":"follow","max-snippet":"max-snippet:-1","max-image-preview":"max-image-preview:large","max-video-preview":"max-video-preview:-1"},"canonical":"https:\/\/scarabokki.it\/?page_id=161","og_locale":"it_IT","og_type":"article","og_title":"Scarabokki - Negozio Abbigliamento Bambini | Chi Siamo","og_description":"Scarabokki ti permette di vestire il tuo bimbo o la tua bimba da 0 a 16 anni, con i migliori marchi di abbigliamento per bambini e donna.","og_url":"https:\/\/scarabokki.it\/?page_id=161","og_site_name":"Scarabokki","article_publisher":"https:\/\/www.facebook.com\/ScarabokkiPolicoroBernalda","article_modified_time":"2023-01-28T14:33:11+00:00","og_image":[{"width":897,"height":741,"url":"https:\/\/scarabokki.it\/wp-content\/uploads\/2026\/01\/immagine-logo-scarabokki-2.jpg","type":"image\/jpeg"}],"twitter_card":"summary_large_image","twitter_misc":{"Tempo di lettura stimato":"2 minuti"},"schema":{"@context":"https:\/\/schema.org","@graph":[{"@type":"WebPage","@id":"https:\/\/scarabokki.it\/?page_id=161","url":"https:\/\/scarabokki.it\/?page_id=161","name":"Scarabokki - Negozio Abbigliamento Bambini | Chi Siamo","isPartOf":{"@id":"https:\/\/scarabokki.it\/#website"},"datePublished":"2019-12-19T15:04:21+00:00","dateModified":"2023-01-28T14:33:11+00:00","description":"Scarabokki ti permette di vestire il tuo bimbo o la tua bimba da 0 a 16 anni, con i migliori marchi di abbigliamento per bambini e donna.","breadcrumb":{"@id":"https:\/\/scarabokki.it\/?page_id=161#breadcrumb"},"inLanguage":"it-IT","potentialAction":[{"@type":"ReadAction","target":["https:\/\/scarabokki.it\/?page_id=161"]}]},{"@type":"BreadcrumbList","@id":"https:\/\/scarabokki.it\/?page_id=161#breadcrumb","itemListElement":[{"@type":"ListItem","position":1,"name":"Home","item":"https:\/\/scarabokki.it\/"},{"@type":"ListItem","position":2,"name":"Chi Siamo"}]},{"@type":"WebSite","@id":"https:\/\/scarabokki.it\/#website","url":"https:\/\/scarabokki.it\/","name":"Scarabokki","description":"Negozio di Abbigliamento Bambini e Donna","publisher":{"@id":"https:\/\/scarabokki.it\/#organization"},"potentialAction":[{"@type":"SearchAction","target":{"@type":"EntryPoint","urlTemplate":"https:\/\/scarabokki.it\/?s={search_term_string}"},"query-input":{"@type":"PropertyValueSpecification","valueRequired":true,"valueName":"search_term_string"}}],"inLanguage":"it-IT"},{"@type":"Organization","@id":"https:\/\/scarabokki.it\/#organization","name":"Scarabokki","url":"https:\/\/scarabokki.it\/","logo":{"@type":"ImageObject","inLanguage":"it-IT","@id":"https:\/\/scarabokki.it\/#\/schema\/logo\/image\/","url":"https:\/\/scarabokki.it\/wp-content\/uploads\/2026\/01\/immagine-logo-scarabokki-2.jpg","contentUrl":"https:\/\/scarabokki.it\/wp-content\/uploads\/2026\/01\/immagine-logo-scarabokki-2.jpg","width":897,"height":741,"caption":"Scarabokki"},"image":{"@id":"https:\/\/scarabokki.it\/#\/schema\/logo\/image\/"},"sameAs":["https:\/\/www.facebook.com\/ScarabokkiPolicoroBernalda","https:\/\/www.instagram.com\/scarabokkipolicorobernalda\/","https:\/\/www.tiktok.com\/@scarabokki.curvy?lang=it-IT"]}]}},"_links":{"self":[{"href":"https:\/\/scarabokki.it\/index.php?rest_route=\/wp\/v2\/pages\/161","targetHints":{"allow":["GET"]}}],"collection":[{"href":"https:\/\/scarabokki.it\/index.php?rest_route=\/wp\/v2\/pages"}],"about":[{"href":"https:\/\/scarabokki.it\/index.php?rest_route=\/wp\/v2\/types\/page"}],"author":[{"embeddable":true,"href":"https:\/\/scarabokki.it\/index.php?rest_route=\/wp\/v2\/users\/1"}],"replies":[{"embeddable":true,"href":"https:\/\/scarabokki.it\/index.php?rest_route=%2Fwp%2Fv2%2Fcomments&post=161"}],"version-history":[{"count":16,"href":"https:\/\/scarabokki.it\/index.php?rest_route=\/wp\/v2\/pages\/161\/revisions"}],"predecessor-version":[{"id":551874,"href":"https:\/\/scarabokki.it\/index.php?rest_route=\/wp\/v2\/pages\/161\/revisions\/551874"}],"wp:attachment":[{"href":"https:\/\/scarabokki.it\/index.php?rest_route=%2Fwp%2Fv2%2Fmedia&parent=161"}],"curies":[{"name":"wp","href":"https:\/\/api.w.org\/{rel}","templated":true}]}}